3*j, 0 = -i - j + 192. What is the highest common factor of i and 56?
7
Let g(j) = -j**3 - 6*j**2 + 14*j - 1. Let d(o) = -o**3 + 5*o**2 - 8*o + 8. Let y be d(4). Let l be g(y). What is the greatest common factor of 65 and l?
5
Let f be ((-3)/(-6) - 1)*(-3 - 5). Suppose -2*u = 2*u - 268. Suppose -u = -f*m + 3*p, -21 = -m + 5*p - 0*p. Calculate the highest common divisor of 128 and m.
16
Let w = 1114 + -924. Calculate the greatest common divisor of w and 100.
10
Let i(w) = -12*w**2 - 3*w + 4. Let r be i(1). Let x be (-2)/r - 12/(-66)*395. What is the greatest common factor of 90 and x?
18
Let c = 1692 - 1428. What is the highest common factor of c and 276?
12
Let u(i) = 17*i - 4. Let o be u(1). Suppose -2*l + o*l = 968. Calculate the highest common divisor of 198 and l.
22
Let i be 1/2 + (-3565)/(-10). Let v be 2/3*i/7. Let y be v - (2/(6 - 4) - 4). Calculate the highest common factor of y and 333.
37
Suppose -i + 7131 = 3*y, 7*y - 2*y - 30 = 0. Calculate the greatest common factor of 3 and i.
3
Suppose -2*z = -14 - 54. Suppose -6*o + 11 = -3*x - 10*o, 3*x + o + 14 = 0. Let u be 2*x/(-5) - -304. What is the greatest common divisor of z and u?
34
Let z(k) = -13*k**3 - 5*k**2 + 15*k + 22. Let u be z(-4). What is the greatest common divisor of 1218 and u?
42
Let s(g) = 2*g**2 - 9*g - 30. Let f be s(8). Let c = -8 + 12. Suppose -125 - 31 = -c*h. Calculate the greatest common divisor of h and f.
13
Let a = -68 + 42. Let w be a/8*(-9348)/57. Calculate the highest common factor of 41 and w.
41
Suppose -m - 4 + 18 = 0. Suppose 6*w - m*w + 512 = 0. Let i = -47 + w. Calculate the greatest common divisor of 119 and i.
17
Let u = 936 - 521. What is the highest common divisor of u and 40?
5
Suppose 53974 + 32482 = 5*l - 4834. Calculate the highest common divisor of l and 102.
102
Let n = 444 + 3324. Calculate the greatest common divisor of n and 24.
24
Let o = 60 - 49. Suppose 0 = 2*x + 7 - 1, 2*n - o = -x. Suppose n*w - 160 = 3*w. What is the highest common factor of 5 and w?
5
Let r be (-1)/(-1)*(-86)/(-1). Let u(g) = 41*g - 1925. Let v be u(47). What is the greatest common divisor of r and v?
2
Suppose -22 - 18 = -2*z. Suppose 0 = -7*i + z + 1. Suppose 0*w + n - 454 = -5*w, -88 = -w - i*n. Calculate the greatest common factor of w and 13.
13
Let u(h) be the third derivative of h**5/20 + h**4/8 + h**3 - 12*h**2 - 1. Let n be u(5). What is the greatest common divisor of 6 and n?
6
Let l(s) = 5*s**2 + 152*s + 448. Let m be l(-3). What is the greatest common factor of m and 481?
37
Suppose 51*s + 299 - 605 = 0. Let t = 16 - 11. Suppose -t*h + 3 = -3*r, 2*h - 6*h = r - 16. What is the highest common divisor of r and s?
2
Let q be (2 + -6)/(1 + 1). Let g be q/6*4*21/2. Let w = g - -22. What is the highest common factor of w and 64?
8
Suppose 5*d = -5*l + d - 54, -4*l = -5*d + 35. Let r be ((-50)/l)/((-10)/(-4)). Let s be r - (2 + (-3 - -1)). What is the highest common divisor of s and 6?
2
Let q be (2 + -1 + 0)*11. Suppose 2*h - 118 = 284. Let w = h - 124. What is the greatest common divisor of w and q?
11
Let d be 1/(-8) - (-10 - (-722)/(-16)). What is the greatest common divisor of 671 and d?
11
Let q = 59 - 59. Suppose q = -2*j + 9*j - 119. Suppose 692 = 5*p + j. What is the highest common factor of 15 and p?
15
Let h(d) = 68*d - 1351. Let c be h(20). Calculate the highest common factor of 2799 and c.
9
Suppose 0 = -32*w - 43 + 299. Suppose 5*n + 4*a = 76, 2*a + w = 2*n - 8. What is the greatest common factor of 114 and n?
6
Let l(t) = -3 + 3 - 8*t - 9*t - 26 + 14*t**2. Let j be l(-5). Suppose -13*n = -2229 + j. What is the highest common factor of n and 20?
20
Let t be -2 - (42*-1 + 2). Let y = 2711 - 2521. What is the greatest common factor of t and y?
38
Let i = 3162 + -3111. Calculate the highest common factor of i and 147.
3
Let y = -459 - -976. Suppose 0 = -2*w + 4*u + 110, 0*u + 20 = -5*u. What is the greatest common divisor of y and w?
47
Let k be (-187341)/(-726) + (-1)/22. Calculate the highest common divisor of k and 13072.
86
Suppose -220 = 3*k - 3*j + 392, 5*j = -4*k - 780. Let c = k + 260. What is the highest common divisor of 40 and c?
20
Let d(p) = 51831*p**2 - 42*p + 43. Let c be d(1). Calculate the greatest common factor of c and 22.
22
Suppose -2*v = 4*a - 2324, 8*v - 3*v = -3*a + 5796. Suppose -5*p - 17 + 2 = 0, 5*g + 4*p - v = 0. What is the highest common factor of g and 36?
18
Let d = 4103 - 4040. What is the greatest common divisor of d and 2037?
21
Let t = 216 + -191. Let i = 46 - t. Suppose 3*s + 741 = 4*k, -5*k - 3*s - 2*s = -970. Calculate the highest common divisor of i and k.
21
Let r = -35216 - -35306. Let a be 2*-1*1 - 9. Let i = 29 + a. What is the highest common divisor of r and i?
18
Suppose 0 = -4*v - 2*g + 250, -3*v = -2*v + 3*g - 60. Let h(n) = -14*n - 38. Let o be h(-4). Calculate the highest common factor of v and o.
9
Let d(i) = -9*i - 35. Let c be d(-8). Suppose -5*s = -5*o + 555, o - 6*o + 2*s = -555. Calculate the greatest common divisor of o and c.
37
Suppose 3*v = -2*j - 368 + 406, 4*j - 40 = -3*v. What is the highest common factor of 618 and v?
6
Let c(f) = f**2 - 3*f + 7*f - 16 + 2*f. Let s be 399/49 + (-3)/21. Let d be c(s). What is the greatest common factor of d and 24?
24
Suppose 2*u - 153 = 3*s - 4*s, 4*s = 4*u + 612. Let t = s - 118. Let q = 544 + -369. Calculate the highest common divisor of q and t.
35
Let u(s) = 16*s - 4*s**3 - 2 - 3 + 3*s**3 + 3*s**2 - 3. Let h be u(-5). Calculate the greatest common divisor of 7 and h.
7
Suppose -11*i - 14*i + 2376 = -i. What is the highest common factor of 873 and i?
9
Let l = -5 - -8. Let v be 171/(3 + 228/(-80)). Let h be (v/133)/((-10)/(-28)). What is the greatest common factor of l and h?
3
Suppose -3*x + 7 = 4*h - 2, 2*h = -4*x + 12. Suppose -2885*j + 3153*j = 21708. Calculate the greatest common divisor of x and j.
3
Let i = -388 + 385. Let n be 7845/35 - i/(-21). Calculate the highest common divisor of 28 and n.
28
Suppose l = 15 + 13. Suppose -l - 7 = -7*b. Suppose -b*t = -4*o + 115, t + 2*t - 85 = -2*o. What is the greatest common factor of 35 and o?
35
Let q = 493 + -438. Suppose -154 + 1144 = q*g. Let i(p) = 2*p**3 - p**2 - 4*p - 7. Let j be i(5). Calculate the highest common divisor of g and j.
18
Suppose 3*g - 30 = 2*v + 189, -v = g - 68. Let w = 242932 + -242930. What is the highest common factor of g and w?
1
Let r be 5 - 4 - 12*56/(-21). Calculate the greatest common factor of r and 37587.
33
Suppose -2339 = -10*h + 421. Let j = 322 - h. What is the highest common divisor of 207 and j?
23
Let u = -1742 - -1763. Suppose s = 5*s - 12. Suppose -d + s*d = 12. What is the highest common divisor of d and u?
3
Suppose 0 = 5*g + x - 5937, 2137*g = 2138*g + 2*x - 1182. Calculate the highest common factor of 540 and g.
108
Let x(k) = -314*k + 1928. Let i be x(6). Calculate the highest common divisor of 52228 and i.
44
Suppose 4*y + 2*a = -y + 17998, 2*a = -2. What is the greatest common factor of 288 and y?
144
Let g = -747 - -1008. What is the highest common divisor of 279 and g?
9
Let m(y) = 812*y + 623. Let j be m(12). What is the greatest common factor of j and 7?
7
Suppose 8*p + 59 = 83. Suppose -5*k + 2*g = -275, -4*k = -p*k - g - 55. What is the highest common divisor of 275 and k?
55
Let l = -3641 - -3735. What is the highest common factor of l and 34?
2
Let g(z) = 6*z + 232. Let l be g(-38). Suppose 186 = l*n - 2*p, 9*n - 3*p = 4*n + 231. Calculate the greatest common factor of 96 and n.
48
Let u = -15875 - -46094. Calculate the greatest common factor of u and 7.
7
Let b(j) = -6*j - 6. Let a be b(-16). Let d = a + -86. Suppose -3*p + 561 = 4*g, 0 = 3*g - d*p + 5*p - 427. What is the greatest common factor of g and 18?
18
Suppose 732 = 12*i + 60. Let u(b) = -2*b**3 - 52*b**2 - 52*b - 8. Let w be u(-25). What is the highest common factor of w and i?
14
Suppose -33*a - u - 2167 = -38*a, 4*u + 1724 = 4*a. What is the greatest common factor of 248 and a?
62
Let i = 48 - 49. Let m be 5/i*(6 - 8). Suppose d + 5*j = 10, -j - 40 = -4*d - 5*j. Calculate the highest common divisor of m and d.
10
Let l be -3 + 36/14 + (-4)/7. Let q be (-1*3915/5)/l. Calculate the highest common factor of 27 and q.
27
Suppose -3*n = -76 - 122. Suppose -364790*w = -364779*w - 